Is 45309095 a multiple of 1149?
False
Does 318 divide 8548794?
True
Does 10 divide 638738893?
False
Is 16769641 a multiple of 157?
True
Is 46559484 a multiple of 12?
True
Is 367308699 a multiple of 15?
False
Is 42765086 a multiple of 14?
True
Does 1627 divide 38969488?
False
Is 193127564 a multiple of 37?
False
Does 2478 divide 62326142?
False
Is 713 a factor of 118872073?
True
Is 168 a factor of 51104556?
False
Does 70 divide 6223880?
False
Does 1976 divide 25386278?
False
Does 44 divide 1000841160?
True
Does 17 divide 218651433?
True
Does 78 divide 860510647?
False
Is 1465 a factor of 1564521845?
True
Is 21 a factor of 41080736?
False
Is 20 a factor of 55210680?
True
Is 73310575 a multiple of 13?
True
Is 85323856 a multiple of 2648?
True
Is 5 a factor of 456884041?
False
Is 124 a factor of 29628684?
True
Is 4546 a factor of 709095925?
False
Does 102 divide 152140854?
True
Is 752764474 a multiple of 154?
True
Does 11 divide 921365786?
True
Does 4 divide 30816028?
True
Is 27178645 a multiple of 20?
False
Does 556 divide 254094055?
False
Is 228431895 a multiple of 185?
True
Does 26 divide 57386264?
True
Is 32 a factor of 142232746?
False
Does 230 divide 115192971?
False
Is 711696159 a multiple of 14?
False
Is 9 a factor of 8149718?
False
Does 1136 divide 34911284?
False
Does 14 divide 72253557?
False
Is 49465900 a multiple of 2563?
True
Is 47537853 a multiple of 321?
True
Is 214743586 a multiple of 13?
False
Is 125820534 a multiple of 161?
True
Is 546 a factor of 1575936629?
False
Does 11 divide 201967592?
False
Is 13885500 a multiple of 3?
True
Is 110346743 a multiple of 2951?
True
Is 292 a factor of 27160964?
True
Is 14 a factor of 19493128?
False
Does 1569 divide 31133667?
True
Does 280 divide 212951156?
False
Is 2383420 a multiple of 412?
True
Is 19 a factor of 412989384?
False
Is 922 a factor of 13911136?
True
Is 12 a factor of 4415203140?
True
Does 57 divide 24146649?
False
Does 4 divide 29315721?
False
Does 480 divide 12430373?
False
Is 3773539638 a multiple of 18?
True
Is 28 a factor of 57583148?
True
Does 37 divide 83038361?
False
Does 125 divide 50562120?
False
Is 201713868 a multiple of 25?
False
Is 836530247 a multiple of 46?
False
Is 757 a factor of 9388150?
False
Does 218 divide 331227020?
True
Is 417928376 a multiple of 97?
False
Is 432166320 a multiple of 216?
True
Is 85 a factor of 1055991190?
False
Is 84 a factor of 110060664?
True
Is 264 a factor of 164105040?
True
Is 158 a factor of 819484538?
True
Is 24702384 a multiple of 28?
True
Does 34 divide 33737907?
False
Does 107 divide 796061061?
True
Does 609 divide 27979989?
False
Does 1192 divide 34851696?
True
Is 1744 a factor of 17767872?
True
Is 44 a factor of 20078168?
True
Is 3080 a factor of 14676200?
True
Is 145469749 a multiple of 704?
False
Is 14 a factor of 2762948130?
False
Is 610 a factor of 727968510?
True
Is 2546480807 a multiple of 377?
True
Is 296491804 a multiple of 3787?
True
Is 3 a factor of 8484139?
False
Is 50156388 a multiple of 1917?
True
Is 40769531 a multiple of 71?
False
Does 11 divide 220173271?
False
Is 987 a factor of 217612773?
True
Is 21888370 a multiple of 658?
True
Does 7 divide 72782?
False
Is 177 a factor of 123479?
False
Is 51 a factor of 119811841?
False
Is 291 a factor of 99350885?
False
Is 58392619 a multiple of 906?
False
Is 16 a factor of 424567740?
False
Does 548 divide 5416208?
False
Is 2188 a factor of 77913795?
False
Is 250 a factor of 122569500?
True
Is 2949254843 a multiple of 1717?
True
Does 12 divide 96945504?
True
Is 132966432 a multiple of 9?
True
Is 4121464 a multiple of 344?
True
Is 293 a factor of 1115710148?
False
Is 19107037 even?
False
Is 2374290 a multiple of 713?
True
Is 119 a factor of 3399349907?
False
Does 1391 divide 319765862?
True
Is 626 a factor of 271990114?
True
Is 358277384 a multiple of 743?
False
Is 1202 a factor of 82245648?
True
Does 243 divide 28974981?
False
Does 487 divide 1977378275?
True
Is 659835891 a multiple of 1287?
True
Is 4924 a factor of 991747764?
True
Does 474 divide 160911649?
False
Is 14 a factor of 1260794612?
True
Is 525239 even?
False
Is 942 a factor of 227627706?
True
Does 48 divide 150000431?
False
Is 92826829 a multiple of 1974?
False
Does 115 divide 1770551385?
True
Is 2 a factor of 76131973?
False
Is 22303517 a multiple of 9?
False
Does 80 divide 5501750?
False
Does 29 divide 77943550?
False
Does 6 divide 13124106?
True
Is 18 a factor of 309063978?
True
Is 608 a factor of 1396045575?
False
Is 97 a factor of 19709333?
True
Does 30 divide 374155530?
True
Is 17664699 a multiple of 93?
True
Is 3849 a factor of 267944286?
True
Is 11 a factor of 305820812?
True
Does 464 divide 44485198?
False
Does 7840 divide 241778373?
False
Does 957 divide 25722246?
True
Is 354 a factor of 69509198?
False
Is 4 a factor of 20602091?
False
Is 3630 a factor of 268155996?
False
Does 6039 divide 931545945?
True
Is 772 a factor of 42398333?
False
Does 848 divide 1664138096?
True
Does 22 divide 2227486429?
False
Is 9 a factor of 288624?
False
Does 8 divide 39285887?
False
Is 196921124 a multiple of 7?
False
Is 21 a factor of 697056593?
False
Does 20 divide 185964120?
True
Is 5 a factor of 237463?
False
Is 49606667 a multiple of 11?
True
Is 1109198113 a multiple of 15?
False
Does 2839 divide 6414765924?
True
Is 725654232 a multiple of 276?
True
Does 15 divide 1247078908?
False
Does 944 divide 41687040?
True
Is 456 a factor of 1198062480?
True
Is 127 a factor of 21916244?
False
Is 3393776 a multiple of 18?
False
Is 93 a factor of 39992958?
False
Does 364 divide 791076383?
False
Is 4106736 a multiple of 16?
True
Is 21671346 a multiple of 21?
False
Is 31421025 a multiple of 45?
True
Is 22 a factor of 114381432?
True
Is 104 a factor of 115247392?
True
Does 4170 divide 164436451?
False
Does 802 divide 469557941?
False
Does 20 divide 20967425?
False
Does 15 divide 318352545?
True
Is 152542770 a multiple of 30?
True
Does 3 divide 7982039?
False
Is 42976664 a multiple of 124?
True
Is 60723346 a multiple of 1605?
False
Is 1525416960 a multiple of 80?
True
Does 17 divide 30905864?
True
Does 1184 divide 18369244?
False
Is 4838 a factor of 176374128?
True
Does 87 divide 1071100781?
False
Is 3 a factor of 18354680?
False
Does 1044 divide 32961668?
False
Does 982 divide 570477188?
True
Is 187738650 a multiple of 1725?
True
Is 12 a factor of 3083177?
False
Is 2474 a factor of 40855636?
True
Does 11 divide 18592976?
False
Is 38 a factor of 26356154?
True
Is 408 a factor of 3026136?
True
Does 253 divide 3249909?
False
Is 2618164 a multiple of 179?
False
Does 505 divide 306790545?
False
Is 4313 a factor of 890069497?
True
Is 1654 a factor of 32311517?
False
Does 1007 divide 184716024?
True
Is 19 a factor of 487501829?
True
Does 8 divide 909234032?
True
Is 57000054 a multiple of 37?
True
Is 4297741 a multiple of 10?
False
Is 997787895 a multiple of 996?
False
Is 230372500 a multiple of 2500?
True
Is 7008 a factor of 1304672352?
True
Is 78 a factor of 460063065?
False
Is 91579365 a multiple of 9?
True
Is 668 a factor of 7532994?
False
Does 14 divide 1618461928?
False
Is 221493888 a multiple of 12?
True
Does 772 divide 43927285?
False
Does 34 divide 419305418?
False
Is 51 a factor of 46258530?
True
Is 71 a factor of 25537357?
False
Does 23 divide 33611579?
True
Is 260099730 a multiple of 354?
True
Is 157 a factor of 295746709?
True
Does 8 divide 4322784?
True
Does 6658 divide 915771244?
False
Does 1088 divide 20683968?
True
Does 1894 divide 36620490?
True
Is 179501514 a multiple of 13?
False
Is 21854490 a multiple of 294?
True
Is 81 a factor of 49284450?
True
Is 147025682 a multiple of 4?
False
Does 81 divide 9892496?
False
Is 7 a factor of 717050502?
True
Is 6147446 a multiple of 1453?
False
Does 3002 divide 104651434?
False
Is 91621280 a multiple of 32?
True
Is 1059 a factor of 593681754?
True
Does 10 divide 43205760?
True
Is 35 a factor of 8469300?
True
Is 307 a factor of 454063989?
False
Is 123961192 a multiple of 1346?
False
Is 14024 a factor of 26070616?
True
Does 4066 divide 3817733?
False
Is 233140446 a multiple of 231?
True
Does 176 divide 94608800?
True
Is 122 a factor of 256134974?
True
Is 44 a factor of 218731524?
True
Is 938217280 a multiple of 1414?
True
Is 73198363 a multiple of 533?
False
Is 28607664 a multiple 